5/(-5). Suppose q = 2*v - 9 - 11. Does 9 divide v?
False
Suppose 0 = 3*r + 3*c - 101 - 163, -5*r = -2*c - 440. Let d = 202 - r. Does 19 divide d?
True
Let g(r) = -10 - 6 - 3*r**3 + 0*r**3 + 13*r**2 - 6*r + 2*r**3. Does 8 divide g(12)?
True
Suppose q + 14*q - 840 = 0. Does 7 divide q?
True
Suppose 4*o - 8*o + 3*k = -20, -5*o + 25 = k. Suppose -o*z + 70 = 5*q, -4*q - 2*z + 6*z + 40 = 0. Does 6 divide q?
True
Let t = -37 - -35. Is 21 a factor of ((-44)/(-22))/(t/(-21))?
True
Suppose 5*k + 31 = 3*k + 3*i, 48 = -3*k + 4*i. Does 4 divide (16/k)/((-5)/75)?
True
Let x(r) = -r**3 + 10*r**2 + 6*r - 11. Suppose 12*l - 14*l + 16 = 0. Let y be x(l). Suppose 6*q = 3*q + y. Is 11 a factor of q?
True
Suppose -3*c = 3*j - 351, 33*c + j = 35*c - 240. Is c a multiple of 17?
True
Is 18 a factor of 54*8 - (-4)/24*0?
True
Let c = 18 - 23. Let j = c + 5. Suppose g - 56 = -d, -3*d = -j*g - g + 40. Does 16 divide g?
False
Let m(a) = a - 9. Let h be m(7). Let k be (4 - 0)*h/(-8). Let g(p) = 26*p. Is g(k) a multiple of 13?
True
Does 9 divide 39*((-18)/1)/(-6)?
True
Let g = -138 - -404. Is g a multiple of 5?
False
Let y be 4/(-20)*5/(-1). Suppose -2*j + 7 = -y. Is 28*(44/(-14) + j) a multiple of 24?
True
Let g(d) = 40*d + 2. Let v be g(-1). Let b = v - -84. Is b/3 + 2/(-6) a multiple of 15?
True
Let b = -3633 + 5969. Is 2 - 48/27 - b/(-18) a multiple of 22?
False
Let v(f) = -2*f**2 + 6*f + 4. Let b be v(3). Does 15 divide 12/8 - (-310)/b?
False
Let h be -2 - (0 - 4) - -10. Suppose -l - 5*i + 221 = 2*l, 0 = 5*l - i - 415. Suppose -l = 10*w - h*w. Does 20 divide w?
False
Let q(g) = 2*g**2 + 34*g + 22. Let m be q(-15). Let i = m + 73. Is i a multiple of 10?
False
Suppose -4*i - 16 = 4*l, 3*i + 2*i + 20 = 2*l. Is 14 a factor of i/(-8)*-1*-58?
False
Suppose 5*j - 212 + 57 = 0. Suppose -30*v - 94 = -j*v. Does 25 divide (-6)/2 - v/(-1)?
False
Let r = 3 - 3. Let m(c) = -3*c + 57. Does 19 divide m(r)?
True
Let z = -1444 - -2079. Is 5 a factor of z?
True
Suppose 3*k - 7 = -2*q, -3*q + k + 6 + 10 = 0. Let y(z) = z**3 + 3*z**2 - 9*z + 1. Let l be y(-5). Is 15 a factor of (4 - (l - 1))*q?
True
Suppose 0 = -13*m + 313 + 623. Is 8 a factor of m?
True
Suppose a = 4*a. Suppose -u + x + 11 = 0, 10*u - 4*x = 11*u + 14. Suppose 2*k + 5*r - 122 = a, u = -4*r - 2. Is 22 a factor of k?
True
Suppose 0 = -5*t - 0*t - 2070. Let a = t - -609. Does 13 divide a?
True
Let o(m) = -38*m + 4. Let x be o(6). Let z = 338 + x. Is 17 a factor of z?
False
Suppose 2*m + 474 = 4*m. Suppose -5*t + m + 18 = 0. Suppose -6 + t = 5*s. Is 9 a factor of s?
True
Let c be -2*(-1)/4*-2. Let o = -9 - c. Let s(j) = -j**2 - 8*j + 3. Is s(o) a multiple of 2?
False
Suppose 0 = -2*c + 12. Suppose c*i - 204 = -72. Is i a multiple of 13?
False
Let o(s) = 4*s**2 + s + 2. Let m = -27 - -26. Let v be o(m). Suppose 4 + v = r. Is r a multiple of 9?
True
Let s(x) = -x**3 - 4*x**2 + 5*x + 5. Let m be s(-5). Suppose m*p = 13*p - 624. Suppose 8 - 20 = -z + l, -5*z - 4*l = -p. Is 7 a factor of z?
True
Suppose 5806 = 7*o + 619. Is o a multiple of 19?
True
Suppose -3*r + 1693 = -p - 921, 0 = 4*r + 3*p - 3507. Does 9 divide r?
True
Suppose 457 + 418 = 7*f. Suppose -4*m = -f - 343. Does 39 divide m?
True
Suppose -549*a - 23400 = -562*a. Does 90 divide a?
True
Let l be (((-620)/(-25))/(-1))/((-4)/10). Is 18/(-27) - (l/(-3) - 0) a multiple of 7?
False
Suppose -5*w = -3*v - 37, -5*w = 4*v - 1 - 8. Let z be (2 + -3)/(-1)*174. Suppose 4*p + f = 137, 2*f - z = -w*p - 2*f. Is 17 a factor of p?
True
Let o be (-3172)/91*(-14)/4. Let p = 160 - o. Does 8 divide p?
False
Let q(p) = p**3 + 14*p**2 + 9*p + 26. Is q(-9) a multiple of 61?
False
Suppose 5*d + 6 - 21 = 0. Let z(q) = q**3 - 3*q**2 - q - 7. Let w be z(4). Is (-122)/(-2) + (w - d) a multiple of 26?
False
Let f = 237 - 225. Does 4 divide f?
True
Is (-1)/(14/(-2734)) + 30/(-105) a multiple of 5?
True
Let p = -1670 + 3055. Suppose 12*t = -233 + p. Is t a multiple of 32?
True
Let x(f) = f. Let p(u) = -52*u + 1. Let d(z) = 2*p(z) + 6*x(z). Is d(-1) a multiple of 25?
True
Let h(p) = 229*p**2 + 7*p + 1. Is 19 a factor of h(-2)?
False
Is 11 a factor of 429/78*(-2 + 2 + 94)?
True
Let a = 10 - 6. Suppose -a*o + 174 = -162. Is 14 a factor of ((-16)/(-6))/(4/o)?
True
Suppose -2*c + 9 = w, -c + 36 = 5*w + 9. Suppose z - 1 = k - 2*z, 0 = 4*k + c*z - 52. Is k a multiple of 10?
False
Suppose 3*h + h + 4*l - 156 = 0, 0 = -2*h + 3*l + 78. Is (0 - -1)*(6 + h) a multiple of 9?
True
Is 3/((-8)/(880/(-6))) a multiple of 5?
True
Suppose 12*h = 17*h - 1060. Is h a multiple of 18?
False
Let x(q) be the third derivative of 0 - 1/60*q**6 - 5*q**2 + 0*q**3 - 1/15*q**5 + 0*q + 0*q**4. Is x(-3) a multiple of 18?
True
Suppose 1 = 5*l - 6*l, 0 = 5*o + l + 30761. Does 22 divide o/(-18) - (-20)/90?
False
Suppose 5*h = 27 - 117. Let a = h + 41. Let b = 35 - a. Is 12 a factor of b?
True
Let i be (-6)/(-4)*(-14)/1. Does 11 divide i/84 - (-257)/4?
False
Let g = -100 - -92. Let r be 1 + 1 - (3 + 1). Let v = r - g. Is 3 a factor of v?
True
Let x = -304 - -429. Does 40 divide x?
False
Let i be (-17)/(1 + -2) + 2. Suppose 0 = 8*f - 3*f + 4*t + 42, 22 = -3*f - 4*t. Is (-1)/(-2 - i/f) a multiple of 5?
True
Suppose 5*b - v = 13, -5*v = b - 3*b + 19. Let a(f) = f + 3 + 10 - b. Is a(-5) even?
True
Suppose -417*y - 9496 = -421*y. Is y a multiple of 44?
False
Suppose -x = x - 44. Suppose 2*m - x = 220. Is m a multiple of 13?
False
Suppose 40*c - 45*c + 230 = 0. Does 12 divide c?
False
Let t(v) = 13*v - 10. Let m(p) = p**3 - 10*p**2 - 8*p - 27. Let j be m(11). Is t(j) a multiple of 6?
False
Let k = 4 - -2. Suppose -13450 = 4*c + c. Is 14 a factor of k/8 - c/40?
False
Suppose 0 = 3*d - 4*m - 452, -5*d + 4*m + 777 = 29. Suppose 3*p - 111 = 5*s, -d = -4*p + 2*s - s. Is 16 a factor of p?
False
Let w(l) be the third derivative of l**6/120 + l**5/12 - l**4/24 - l**3/6 - 5*l**2. Let z be w(-5). Does 21 divide (-7)/2*(-28 + z)?
True
Let a(w) = 6*w**2 - 26*w + 164. Does 34 divide a(5)?
False
Suppose 4*a = 2*o + 12, -5*o + 2 = 5*a - o. Suppose -1 = -a*x + 125. Suppose u + 3*i + x = 4*u, -4*u - 3*i + 77 = 0. Does 3 divide u?
False
Let u(y) = 4*y**3 + 12*y**2 - 22*y + 15. Does 41 divide u(6)?
False
Let p = 17 + 32. Let r = p + -34. Is 4 a factor of r?
False
Suppose i + 143 - 22 = 0. Let z = -62 - i. Does 4 divide z?
False
Suppose -3*l - 5*b + 19 = 0, -2*l - 3*b + b = -10. Suppose 2*r - 5*t = -r + 114, 3*r - 90 = -l*t. Does 2 divide r?
False
Suppose 2*m + m - 165 = 0. Let o be (7/21 + 3)/((-1)/9). Let n = o + m. Is n a multiple of 25?
True
Suppose -7*k = -4*q - 2*k + 311, 3*q = -4*k + 272. Is q a multiple of 27?
False
Suppose -90 = -5*w - 250. Let v be (-32)/128 + 2/(16/(-590)). Let b = w - v. Is 21 a factor of b?
True
Let i(o) = -12*o - 78. Does 2 divide i(-10)?
True
Let f be 19068/49 + 3/(-21). Let s = f - 254. Is s a multiple of 35?
False
Let v = -8 - -8. Suppose 20 = -v*y + 4*y, -g + 92 = 4*y. Suppose -o = -3*o + g. Does 11 divide o?
False
Suppose 0 = 2*l - 16*l + 16268. Is l a multiple of 83?
True
Let c(b) = -9*b - 11. Let k(x) = -9*x - 7 - 4 - 3*x + 2*x. Let r(v) = -7*c(v) + 6*k(v). Does 17 divide r(10)?
False
Let c = -238 - -285. Is 24 a factor of c?
False
Let g = -79 - -233. Is 14 a factor of g?
True
Suppose 0 = v + 5*t + 67, -2*v + t = -6*v - 287. Is 6 a factor of (24/(-48))/((-71)/v + -1)?
True
Let r(o) be the first derivative of 5*o**2/2 - 5*o - 8. Is r(7) a multiple of 6?
True
Suppose -14*i = -11*i + 27. Let b be -1*i/((-9)/(-14)). Let t = 29 - b. Does 15 divide t?
True
Let z(h) = 3*h + 105. Is 3 a factor of z(-33)?
True
Let d be (-10)/(-5) + -3 + 2 + -253. Let i = -143 - d. Does 13 divide i?
False
Let d(y) = 4*y + 160. Does 23 divide d(-17)?
True
Suppose -2*q + 2 = 0, -2*x + 5*x = -4*q + 10. Suppose -4*k + x*f - 4*f = -92, 22 = 2*k - 5*f. Is k a multiple of 21?
True
Suppose 3*t + b = 2912, -5*t - 15*b + 4856 = -12*b. Is t a multiple of 61?
False
Is (-9 + 60)/(7/175) a multiple of 19?
False
Suppose -2*d + a = -2*a - 253, d - 128 = a. Let m be (-3)/9*-219*1. Let x = d - m. Is x a multiple of 29?
True
Suppose -5*c + 13 - 3 = 0. Suppose 4*d = -3*p - 14 + 34, c*d - 52 = -5*p. Suppose -p = -0*h - h. Does 6 divide h?
True
Suppose 5*y - 2254 = 3*c, 6*y + 2*c - 1812 = 2*y. Let r be y/6 + 4/6. Does 3 divide r/28 + (-2)/(-7)?
True
Let n(j) = j**3 - 8